1a8?
1a9
In base 15, what is 475 + 1?
476
In base 6, what is -3 + -40?
-43
In base 10, what is 34 + 297?
331
In base 6, what is 404 - 5?
355
In base 13, what is 0 - -64?
64
In base 2, what is 10 - 110100100?
-110100010
In base 2, what is 1001 - -10?
1011
In base 13, what is -936 - 4?
-93a
In base 4, what is -221 + 1?
-220
In base 13, what is -9 + -1a?
-26
In base 6, what is 2 - -13?
15
In base 4, what is -23 - -323?
300
In base 8, what is 507 - -5?
514
In base 7, what is -550 + -10?
-560
In base 16, what is -1 + -7?
-8
In base 13, what is -774 + -6?
-77a
In base 10, what is 83 - 10?
73
In base 6, what is -11403 - -5?
-11354
In base 13, what is -33 - 24?
-57
In base 16, what is b + 4?
f
In base 13, what is -12c83 - 3?
-12c86
In base 16, what is 14e - -2?
150
In base 8, what is -25 + -606?
-633
In base 7, what is -4 - -302?
265
In base 14, what is -9 - 1?
-a
In base 6, what is -401553 + -4?
-402001
In base 13, what is 32 + 6?
38
In base 2, what is 11 + -10001100000100?
-10001100000001
In base 8, what is 3 + -5?
-2
In base 12, what is 31a + -2?
318
In base 6, what is 4 - -412?
420
In base 9, what is -1 + 35?
34
In base 5, what is -4 + -4?
-13
In base 2, what is -100 - 1010?
-1110
In base 6, what is -4 + -53?
-101
In base 3, what is 101 + 12001?
12102
In base 7, what is 5 + -16006?
-16001
In base 9, what is 104 + -11?
83
In base 5, what is 2 + 20204?
20211
In base 5, what is -200330 + 10?
-200320
In base 12, what is 2 - -4a?
50
In base 13, what is 8 - -a9b?
aa6
In base 13, what is -1 - -2b?
2a
In base 15, what is -8d5 - -3?
-8d2
In base 11, what is -9 - 1162?
-1170
In base 3, what is -20 + 1012121?
1012101
In base 16, what is -f - -8?
-7
In base 16, what is 1b17 - -4?
1b1b
In base 16, what is -76 + 1?
-75
In base 14, what is 38c7 + 4?
38cb
In base 2, what is -1110 - 1111100?
-10001010
In base 4, what is 133 - -312?
1111
In base 6, what is 2 + -2320?
-2314
In base 14, what is -8d - -36?
-57
In base 7, what is -416 - -4?
-412
In base 6, what is -3 - -22453?
22450
In base 2, what is -100 - 111?
-1011
In base 13, what is 3 + -59a?
-597
In base 16, what is -2a0 - 26?
-2c6
In base 9, what is 41561 - 4?
41556
In base 3, what is -10 - -1211?
1201
In base 11, what is a - 14?
-5
In base 11, what is 63 + 5?
68
In base 10, what is -4 - 519?
-523
In base 3, what is 0 + 11022?
11022
In base 15, what is -d6 + 4?
-d2
In base 3, what is -2210 + -10?
-2220
In base 10, what is 5 + -383?
-378
In base 14, what is 3 - 77?
-74
In base 12, what is 6 + 950?
956
In base 16, what is -1 + -47?
-48
In base 4, what is 0 + 2032?
2032
In base 16, what is -188 + -3?
-18b
In base 9, what is -2 + 4862?
4860
In base 13, what is -c53 - -2?
-c51
In base 6, what is 53 + -2?
51
In base 7, what is 1 - 11?
-10
In base 9, what is -185 - -5?
-180
In base 5, what is 20 - -24?
44
In base 9, what is -1 - -41?
40
In base 8, what is 12 - -15?
27
In base 7, what is 2 - 131?
-126
In base 12, what is 0 - 1?
-1
In base 7, what is -1 - -2353?
2352
In base 16, what is -11f + 8?
-117
In base 14, what is -12 - -76?
64
In base 12, what is 1 + 29a?
29b
In base 13, what is -c + 104?
c5
In base 16, what is -20 - -5?
-1b
In base 6, what is 251 + 32?
323
In base 3, what is 11 - 1120012?
-1120001
In base 2, what is -1000011 - 101?
-1001000
In base 5, what is 1002 - 30?
422
In base 11, what is 3 - -20?
23
In base 12, what is 4 - 309?
-305
In base 12, what is 12a - 2?
128
In base 5, what is -2 - -130?
123
In base 9, what is 24 - 36?
-12
In base 11, what is 0 - 351?
-351
In base 13, what is -6 - -2a8?
2a2
In base 12, what is -180 + 9?
-173
In base 8, what is -615 + -1?
-616
In base 4, what is -12 + -1131?
-1203
In base 11, what is -3 + 2a76?
2a73
In base 9, what is 67 - -13?
81
In base 12, what is -3 + 191?
18a
In base 3, what is 11 + -22?
-11
In base 13, what is 2 - 84?
-82
In base 16, what is 3 + -4c2?
-4bf
In base 8, what is 6 - 1?
5
In base 15, what is -1e + -229?
-248
In base 9, what is -11 - 18?
-30
In base 9, what is -1085 - 14?
-1110
In base 15, what is -9 - 33b?
-345
In base 2, what is -1010000101100011 - 100?
-1010000101100111
In base 8, what is -100 + -1?
-101
In base 3, what is 2122222 - -10?
2200002
In base 6, what is -142544 - 3?
-142551
In base 9, what is -1224 - 3?
-1227
In base 5, what is 402403 + 3?
402411
In base 8, what is -4474 + -3?
-4477
In base 2, what is 11 + 1001000?
1001011
In base 11, what is 2 - -376?
378
In base 10, what is -372 - 4?
-376
In base 11, what is 18 + -11?
7
In base 8, what is -220 + 36?
-162
In base 5, what is -1134321 - 10?
-1134331
In base 16, what is 4 + 64?
68
In base 4, what is -100022 + 11?
-100011
In base 5, what is 4 + 221?
230
In base 11, what is 7 - -179?
185
In base 16, what is -8 + -8d?
-95
In base 6, what is -2440 + 10?
-2430
In base 14, what is b + b57?
b64
In base 10, what is 0 - -410?
410
In base 10, what is 53 - 2?
51
In base 11, what is -2a + -2?
-31
In base 6, what is -52 - 1?
-53
In base 13, what is 1 - 238?
-237
In base 4, what is 0 + 111?
111
In base 13, what is -1c - -1?
-1b
In base 14, what is -78 - -78?
0
In base 12, what is 0 + -72?
-72
In base 13, what is -1 + 1511?
1510
In base 12, what is -1465 - -1?
-1464
In base 9, what is 1 + 20?
21
In base 11, what is 42 + -5?
38
In base 15, what is 14 + c?
21
In base 3, what is -12 - 1102?
-1121
In base 7, what is 1 + 3?
4
In base 14, what is -91 - -3?
-8c
In base 8, what is -3 + -552?
-555
In base 15, what is 6 - -565?
56b
In base 13, what is -1 - -343?
342
In base 7, what is -54 + -11?
-65
In base 13, what is 5 - -1b?
23
In base 13, what is 2 + -148?
-146
In base 5, what is 13 + -21?
-3
In base 9, what is -1182 + 1?
-1181
In base 15, what is -4b1 - 7?
-4b8
In base 14, what is 244 - 13?
231
In base 5, what is 323 - 2?
321
In base 5, what is 1144114 - -4?
1144123
In base 15, what is 190 + -5?
18a
In base 5, what is -11 + 4404?
4343
In base 11, what is 37 + -16?
21
In base 3, what is -100221 - -20?
-100201
In base 4, what is -202 - 20?
-222
In base 16, what is 7 - 249?
-242
In base 11, what is -142 - 64?
-1a6
In base 7, what is 12465 - -1?
12466
In base 10, what is -675 + -12?
-687
In base 11, what is -1 - -705?
704
In base 3, what is 10121 - 10?
10111
In base 8, what is -7 - 4?
-13
In base 7, what is 4 - 5562?
-5555
In base 9, what is -2 - -34?
32
In base 15, what is -1 - 66?
-67
In base 14, what is 9 + 3?
c
In base 4, what is -300 + -1030?
-1330
In base 15, what is 1 - 2e8?
-2e7
In base 11, what is -1 + -3159?
-315a
In base 14, what is -43 + 1c?
-25
In base 16, what is -11be + -1?
-11bf
In base 13, what is a74 + -3?
a71
In base 3, what is 11 - 1202?
-1121
In base 3, what is -1212122212 + 12?
-1212122200
In base 8, what is -2 - -2347?
2345
In base 9, what is -3 + 4251?
4247
In base 16, what is 2 + -142?
-140
In base 8, what is -1561 - 4?
-1565
In base 8, what is 3 - -16?
21
In base 10, what is 445 - 3?
442
In base 5, what is -31441 + 4?
-31432
In base 15, what is 3a + -3?
37
In base 9, what is 623 + -2?
621
In base 2, what is -1010100101101 - 11?
-1010100110000
In base 9, what is 5 + 17?
23
In base 3, what is -12 - -2000?
1211
In base 13, what is -13 - -8?
-8
In base 11, what is 81 - -5?
86
In base 7, what is -3 + 411?
405
In base 10, what is -25 + -167?
-192
In base 14, what is 2967 + 5?
296c
In base 2, what is 100 + 11001?
11101
In base 5, what is 10 + -122?
-112
In base 5, what is -1040 + 2?
-1033
In base 15, what is 6 - -10?
16
In base 16, what is -908 - -2?
-906
In base 3, what is -2201 + -120?
-10021
In base 9, what is -5 - -348?
343
In base 4, what is -1210 + -23?
-1233
In base 7, what is -3 + 11023?
11020
In base 4, what is -1 + 1201?
1200
In base 10, what is 0 + 6652?
6652
In base 10, what is -20 + 23?
3
In base 10, what is -574 + 16?
-558
In base 9, what is 6 + -455?
-448
In base 3, what is 1012202022 - -1?
1012202100
In base 11, what is 185 + -1?
184
In base 15, what is -26 - -a?
-1b
In base 16, what is 416 + 2?
418
In base 13, what is -431 + 5?
-429
In base 11, what is -2 + 62?
60
In base 14, what is -26c - -2?
-26a
In base 9, what is -4 - 337?
-342
In base 14, what is 97c2 + -5?
97bb
In base 12, what is -1 + 18?
17
In base 16, what is 6 - -8?
e
In base 2, what is 1001101100111 + 100?
1001101101011
In base 9, what is -4342 - 0?
-4342
In base 5, what is 24103 - 1?
24102
In base 2, what is